
Calculate the highest common divisor of 3592606 and 2094.
698
Calculate the highest common divisor of 33370574 and 76.
38
Calculate the highest common divisor of 26121384 and 2448.
1224
What is the highest common factor of 329 and 35784?
7
What is the highest common divisor of 612632133 and 15768?
1971
Calculate the highest common factor of 1573998 and 2508.
114
Calculate the highest common factor of 482526 and 1629.
9
What is the highest common divisor of 417 and 30429741?
417
Calculate the highest common factor of 5696 and 136427744.
2848
Calculate the highest common factor of 86 and 9453077.
43
Calculate the greatest common factor of 393 and 19701483.
393
What is the highest common divisor of 3246 and 309762534?
3246
Calculate the greatest common divisor of 147231 and 13699.
133
Calculate the highest common divisor of 196123090 and 3262.
466
What is the highest common factor of 8630133 and 289665?
471
Calculate the greatest common divisor of 1513765 and 124355.
935
Calculate the greatest common divisor of 131 and 225061537.
131
What is the highest common factor of 48 and 9797928?
24
Calculate the highest common divisor of 776 and 261808.
8
Calculate the greatest common divisor of 210120375 and 1005.
1005
Calculate the greatest common factor of 2359602 and 2304.
18
What is the highest common factor of 33 and 3854719?
11
What is the highest common divisor of 117938 and 429554?
1082
What is the greatest common factor of 28345080 and 24?
24
Calculate the greatest common divisor of 8052 and 771.
3
Calculate the highest common factor of 1675209898 and 19.
19
What is the highest common divisor of 74547 and 25406973?
6777
What is the greatest common factor of 1035 and 2995175?
115
Calculate the greatest common factor of 10420 and 55140.
20
What is the highest common factor of 4755613 and 2369?
103
What is the greatest common divisor of 553949012 and 102?
34
What is the greatest common divisor of 176067 and 75?
3
What is the highest common factor of 16327 and 9728077?
563
Calculate the highest common divisor of 48 and 265832016.
48
What is the greatest common divisor of 75806601 and 56472?
7059
What is the greatest common factor of 638 and 1134023?
11
What is the highest common factor of 1449432819 and 1773?
1773
Calculate the highest common divisor of 982 and 236113062.
982
What is the highest common divisor of 3205573 and 1885?
29
What is the greatest common divisor of 33 and 151360737?
33
What is the highest common factor of 496776 and 13692?
84
Calculate the highest common divisor of 24 and 16892072.
8
Calculate the highest common divisor of 1440 and 41150.
10
What is the greatest common divisor of 1024 and 169750?
2
What is the highest common divisor of 2580 and 9336840?
60
Calculate the greatest common factor of 563 and 464491327.
563
Calculate the highest common divisor of 300312 and 648.
72
Calculate the greatest common factor of 91 and 3503731.
7
Calculate the highest common factor of 100894 and 44896.
122
What is the highest common factor of 2525 and 3354300?
25
Calculate the highest common factor of 1518 and 23525412.
138
What is the highest common factor of 169 and 7054736?
169
What is the greatest common factor of 254413728 and 914?
914
What is the highest common divisor of 2736 and 28044?
684
What is the highest common divisor of 288 and 24753636?
36
Calculate the greatest common divisor of 4676 and 77725474.
334
Calculate the highest common factor of 16811827 and 46.
23
Calculate the greatest common divisor of 192 and 678288.
48
Calculate the greatest common divisor of 26 and 50727898.
26
Calculate the highest common factor of 952 and 33027260.
476
Calculate the greatest common divisor of 133305 and 1065.
15
Calculate the highest common factor of 630 and 299346.
6
Calculate the highest common divisor of 4320 and 2969376.
96
Calculate the highest common factor of 825444 and 4860.
108
Calculate the highest common factor of 11803471 and 106.
53
What is the highest common divisor of 7100 and 25806725?
1775
What is the greatest common factor of 1530 and 208222120?
170
Calculate the highest common divisor of 23331720 and 120.
120
Calculate the greatest common divisor of 2880 and 6004440.
360
What is the highest common divisor of 100805607 and 18?
9
What is the highest common factor of 89252958 and 102?
102
What is the greatest common factor of 2744 and 26498122?
686
What is the greatest common factor of 99 and 114650547?
33
What is the highest common divisor of 42623911 and 181863?
1837
Calculate the greatest common divisor of 9840 and 4115539.
41
What is the greatest common divisor of 18003500 and 40?
20
Calculate the highest common divisor of 3477130 and 25002.
926
Calculate the greatest common divisor of 165804 and 54366.
246
What is the greatest common factor of 11365723 and 1996?
499
Calculate the greatest common divisor of 112128 and 23871.
219
Calculate the highest common divisor of 1240016 and 16112.
304
What is the highest common factor of 13868560 and 180?
20
Calculate the greatest common factor of 15477 and 5350884.
231
Calculate the highest common factor of 27510 and 1659.
21
Calculate the greatest common divisor of 3897184 and 64.
32
Calculate the greatest common factor of 33124806 and 51714.
3978
Calculate the highest common divisor of 1092310 and 25.
5
Calculate the greatest common factor of 124104621 and 417.
417
Calculate the highest common factor of 1290 and 3237126.
258
What is the greatest common divisor of 1097 and 684044223?
1097
What is the highest common factor of 430 and 16174536?
86
What is the greatest common factor of 8737110 and 180?
90
Calculate the highest common factor of 16197 and 54507.
3
What is the highest common factor of 800723 and 11627?
77
What is the greatest common divisor of 376 and 1940336?
8
Calculate the greatest common divisor of 410874 and 11210158.
2914
What is the greatest common divisor of 397909142 and 9903?
3301
What is the highest common divisor of 7557954 and 6?
6
What is the greatest common factor of 34993726 and 118?
118
Calculate the greatest common factor of 4720274 and 754.
26
Calculate the highest common factor of 94712485 and 35.
35
What is the highest common divisor of 9873734 and 52?
26
Calculate the highest common divisor of 50484240 and 720.
720
What is the highest common factor of 468 and 224006172?
156
Calculate the greatest common divisor of 1904 and 15770560.
272
What is the highest common factor of 1269537 and 12?
3
Calculate the highest common factor of 467755730 and 1018.
1018
Calculate the greatest common factor of 142336 and 236.
4
What is the greatest common divisor of 24318940 and 25060?
3580
What is the highest common divisor of 43038042 and 22482?
7494
What is the highest common factor of 4569382 and 94?
2
What is the highest common divisor of 518 and 24057404?
14
What is the highest common divisor of 3003 and 123360237?
3003
Calculate the greatest common factor of 21828 and 351621795.
5457
Calculate the highest common divisor of 36945992 and 976.
488
What is the greatest common divisor of 216 and 1871592?
24
Calculate the greatest common divisor of 4108 and 64189554.
2054
Calculate the greatest common factor of 304243 and 60922.
367
Calculate the greatest common factor of 39331 and 117438.
37
Calculate the highest common divisor of 11327526 and 6.
6
What is the highest common factor of 29735 and 155192912?
5947
What is the greatest common divisor of 18674 and 90?
2
Calculate the greatest common factor of 1912116 and 3081.
237
Calculate the highest common divisor of 51963668 and 7633.
449
What is the highest common divisor of 216 and 7959536?
8
What is the highest common factor of 67768 and 2514296?
344
Calculate the greatest common divisor of 3487771 and 4424.
553
What is the greatest common divisor of 323 and 1140870?
17
What is the greatest common divisor of 7632 and 5459?
53
What is the greatest common divisor of 87167629 and 62?
31
What is the highest common factor of 764182 and 156022?
362
Calculate the highest common divisor of 181 and 42405947.
181
What is the highest common factor of 227120 and 137487092?
11356
Calculate the greatest common factor of 1065015 and 116127.
621
What is the greatest common factor of 6815909 and 2?
1
What is the greatest